 - 27. Calculate w(z).
9
Let g = 143 - 142. Let n(t) = 1 + g + 4 + t**2 - 5*t. Give n(5).
6
Let h(v) be the first derivative of -v**4/24 + v**3/6 + 209*v**2/2 - 28. Let r(q) be the second derivative of h(q). Determine r(0).
1
Let c(i) be the second derivative of -1/20*i**5 + 1/6*i**3 + 14*i + 0*i**4 + 2*i**2 + 3. Determine c(0).
4
Let z(k) = k. Let l be 1/((-4)/10 - (-38)/70). Let w(r) = -2 + 3*r**2 + r**2 + 3 - 7*r**2 + r - l*r**3. Let h be w(1). Give z(h).
-8
Let d(a) = -7*a**3 + 2*a**2 - 8*a - 11. Let f(s) = -11*s**3 + 2*s**2 - 13*s - 18. Let l(j) = -8*d(j) + 5*f(j). Calculate l(6).
-8
Let u(q) be the second derivative of q**4/12 + 2*q**3/3 - 7*q**2/2 - 2764*q. Calculate u(2).
5
Suppose 0 = -13*j + 34 - 8. Let d(p) = -4*p - 5*p - 2*p + 2*p**2 - j + 7*p. Calculate d(4).
14
Let m(g) = -6*g**2 - g. Let r be m(-1). Let t(f) be the third derivative of -f**4/8 + f**3/2 + 17075*f**2. Give t(r).
18
Let l(v) = 72*v + 170. Let a(n) = 14*n + 34. Let d(g) = -22*a(g) + 4*l(g). Let s be d(-3). Let w(m) = m**3 + 7*m**2 - 8*m + 10. What is w(s)?
10
Let x(b) = -8*b - 83. Suppose 11*s + 1080 = 970. Give x(s).
-3
Suppose 8*z + 15*z = 184. Let u(q) = 4*q - 9. Let h(s) = 5*s - 9. Let p(n) = 2*h(n) - 3*u(n). Calculate p(z).
-7
Let w(f) = -f**3 - 11*f**2 + 2. Suppose -1344 = 95*q - 394. Give w(q).
-98
Let t(j) = 20*j - 2 + 2*j + 6*j + 16 - 27*j. What is t(-7)?
7
Let r(h) = h**3 - 5 + 2*h + 2*h - h - 1 - 4*h**2. Let g = 5038 + -5035. What is r(g)?
-6
Let d(i) = -333*i - 335*i + 15*i**2 + 668*i - 15 + i**3. Give d(-15).
-15
Suppose -t = 4*s + 100, -4*t = -2*t + 2*s + 170. Let z = -86 - t. Let u(j) = j**2 + 5*j - 14. Let i be u(z). Let y(b) = b**3 + 8*b**2 + b + 8. What is y(i)?
0
Let l(j) = j - 1. Let m(t) = -2*t + 2. Let u(k) = 3*l(k) + m(k). Let i be (11/2 + -5)*(8 - 4). Determine u(i).
1
Let l(a) be the third derivative of -a**5/60 - 5*a**4/24 + a**3 + 3*a**2. Suppose 3*f - 8 - 6 = -2*w, -w = f - 3. Suppose f*x - 3*x = -30. What is l(x)?
0
Suppose -3187*k + 3177*k = -120. Let z(y) = y**2 - 16*y + 29. Determine z(k).
-19
Let k(z) = 2*z - 4. Let h(p) = 8*p**2 + 9*p - 27. Let a(v) = -h(v) + 6*k(v). Determine a(-1).
-8
Let h = -69 + 71. Let o be (1 - ((4 - -2) + -3))*h. Let t(n) = n**2 + 2*n - 4. Let z(i) = -i - 1. Let f(m) = -t(m) + 4*z(m). Calculate f(o).
8
Let j(q) be the first derivative of 2*q + 0*q**2 + 1/3*q**3 + 142. Calculate j(3).
11
Let t(j) = -14*j + 2. Suppose -4*k = 5*g - 43, -2*g = -9 + 19. Suppose -4*y + m = 1, -5*m + 8 = -k. Give t(y).
-12
Let l(i) = i**2 - 4*i - 14. Suppose -s + 0*w + 5*w = 9, s - 3 = 2*w. Let g(t) = t**2 - 7*t - 38. Let n be g(s). Determine l(n).
-2
Suppose 0*q - 3*q = 2*n + 24, 0 = 5*q + n + 40. Let v(z) be the first derivative of z**4/4 + 8*z**3/3 - z**2 - 5*z - 1785. Determine v(q).
11
Let f(w) be the third derivative of 0 + 0*w + 28*w**2 + 1/24*w**6 + 1/6*w**3 + 0*w**4 - 1/30*w**5. Calculate f(1).
4
Suppose 79 - 19 = 10*v. Let d(f) = 2*f - 133 + f + 108. Let j be d(v). Let z(o) = -o - 3. Give z(j).
4
Let k(c) be the first derivative of -c**4/4 - 2*c**3 + 5*c**2/2 - 9*c - 24516. Let q = -2 - 5. Give k(q).
5
Let c(o) = 2*o**3 + o**2 + 3*o - 1. Suppose -43*p + 44*p - 5 = 0. Suppose -p*s = 15, 6*s = y + 11*s + 13. What is c(y)?
25
Let p(l) be the first derivative of -l**2 - 21*l - 1094. Give p(0).
-21
Let j be (-2000)/160*(-8)/(-20). Let x(h) = h**3 + 11*h**2 + 9*h + 9. Determine x(j).
114
Let h(m) be the third derivative of 11*m**4/12 + 73*m**3/3 - 2*m**2 + 2*m + 982. What is h(-6)?
14
Let w = -14 - 156. Let s = w + 167. Let k(h) = h - 1. Give k(s).
-4
Let g(b) = 6*b**3 - 3*b**2 + 3*b - 1. Let v be g(1). Let y be 2/(-7) - v/(70/(-46)). Let x(o) = 1 + 2*o + o + y*o. Determine x(-1).
-5
Let y = -455 + 587. Suppose 15*z = 3*z - y. Let w(h) = h**2 + 8*h - 27. Calculate w(z).
6
Let v be ((-6)/(-8))/(-1) - ((-391)/(-92) + 12). Let c(h) = h**2 + 5*h - 40. What is c(v)?
164
Suppose 0 = 85*g + 17 - 357. Let w(m) = 52*m - 201. What is w(g)?
7
Let j(r) = -r**3 + 2*r**2 + 4*r - 1. Suppose 30 = -80*i - 210. Calculate j(i).
32
Let z(h) be the first derivative of h**4/4 + 5*h**3/3 - h**2 + 25*h - 6332. Determine z(-6).
1
Let u(i) = 929*i - 504*i - 429*i + 1 - i**2. Determine u(-3).
4
Let w(z) = z + 3. Suppose 17 = -l + h + 14, 5*l - 3 = -h. Suppose -5*r - 10 = 0, l = -3*k - 2*r - 0*r - 19. What is w(k)?
-2
Let p(t) = t**2 - 47. Let o = -4870 + 4876. Give p(o).
-11
Let q(t) = t**3 + 5*t**2 - 14*t - 43. Suppose 5*v = 4*j - 46, 4*v = -2*j + 2 - 18. What is q(v)?
5
Let b(q) = -q**2 + q + 6. Let k be b(0). Let v be (-1 - (-21)/9)*(-9)/k. Let l = v + -2. Let g(u) = -u**3 - 5*u**2 - 5*u - 1. What is g(l)?
3
Let r(m) = 33*m - 5682 - 37*m + 5631. What is r(-19)?
25
Let j(p) be the second derivative of -p**5/20 + 5*p**4/12 + 5*p**3/6 + 5*p**2/2 + 2*p + 306. Give j(6).
-1
Let p(m) = -m**2 - 8*m + 342 - 335 - m. Let h = -5 + 0. What is p(h)?
27
Let a(c) = c**2 - 14*c + 19. Suppose 23*r = 243 - 13. Give a(r).
-21
Let u = 83 - 50. Let p = 39 - u. Suppose p + 14 = -4*t. Let j(f) = f**2 + 5*f - 5. Give j(t).
-5
Let p(v) = -4*v**2 - 4*v + 4. Let a(g) be the first derivative of -17/3*g**3 + 15 + 17*g - 17/2*g**2. Let y(f) = 6*a(f) - 26*p(f). Give y(-2).
2
Suppose 0*f = -4*q - 2*f - 444, -326 = 3*q + 5*f. Let o = q - -107. Let u(x) = 2*x. Give u(o).
-10
Let i(m) = -27*m + 116. Let u = -8697 - -8701. Determine i(u).
8
Let o(y) = 2*y - 41. Suppose 7*v = -11 + 130. What is o(v)?
-7
Let s(h) = 7*h**3 + 18*h**2 + 44*h + 3. Let w(x) = -4*x**3 - 10*x**2 - 27*x - 2. Let r(d) = -3*s(d) - 5*w(d). Give r(0).
1
Let m(z) = 9*z - 68. Suppose -33 = -d - 5*n, -d - 4*n + 47 - 19 = 0. Calculate m(d).
4
Let i(d) be the second derivative of -d**4/12 - 7*d**3/6 + 5*d**2/2 + d - 182. Let t = 11 + -25. Let w be 4*4/32*t. What is i(w)?
5
Let u(i) be the second derivative of i**3/3 + 5*i**2 - 2*i + 343. Calculate u(4).
18
Let t(u) = 41*u**2 + 2*u - 1. Let h be t(1). Suppose -3*z + 5*z = 18. Let o(x) = -21*x**2 - 20*x**2 - 10 + h*x**2 - z*x. Determine o(10).
0
Let x be (3/9)/((-14)/(-9744)). Let a = x - 234. Let z(m) = 3*m**3 + 3*m**2 + 3*m. Give z(a).
-18
Let x(u) = -u**2 - 2*u + 2. Let r be (1 + -1)/((-2)/(-2)). Let g = 22 - 18. Suppose -5*d + 4*d - g = r. What is x(d)?
-6
Let d(k) = 3*k**3 + 8*k**2 + 28*k + 91. Let f be d(-3). Let b(t) = 6*t**3 + 2*t**2 - 3*t - 5. What is b(f)?
-39
Let i(b) = 0*b + 2 - b**2 + b - 3. Let s(l) = -l**3 - 7*l**2 + l + 5. Let x be s(-7). Let r = -2 - x. What is i(r)?
-1
Let s(b) = -b**3 - 41*b**2 - 36*b + 166. Let u be s(-40). Let o(x) = -x**3 + 6*x**2 - 3*x + 7. What is o(u)?
-11
Suppose 0 = 4*f - 4*l - 7 - 9, 14 = 3*f - 2*l. Let z(h) be the second derivative of -h**3/3 + 78*h + 26. Calculate z(f).
-12
Suppose -33*i + 57 = -14*i. Let h(k) = -3*k + 19. Let l(n) = 2*n - 11. Let g(r) = i*h(r) + 5*l(r). Determine g(8).
10
Let s(h) = 19*h**2 + 19*h + 6. Let u(y) = 41*y**2 + 40*y + 13. Let a(d) = -13*s(d) + 6*u(d). Suppose 12 = -2*o - 0. Give a(o).
6
Let o(f) = f**2 + 27*f + 161. Let l be o(-16). Let d(s) = -s**2 - 15*s - 35. What is d(l)?
-35
Let f(w) be the first derivative of w**5/20 + 2*w**4/3 - 4*w**3/3 - 2*w**2 + 55*w + 28. Let t(z) be the first derivative of f(z). Give t(-9).
-13
Let f(k) = k**2 - 88. Suppose -3*o + 2 = 5*v + 38, -4*o = -2*v - 30. What is f(v)?
-7
Let v(r) = -3*r + 41. Let p be v(12). Let a(x) = 14*x - 9. Give a(p).
61
Let d(l) be the third derivative of 21 + l**2 + 1/24*l**4 - 1/3*l**3 + 0*l. Give d(5).
3
Let s = -38 + 41. Suppose -8*k + 3*k = -s*p + 74, 2*k = -8. Suppose 22 = -8*h - p. Let x(q) = -q - 4. What is x(h)?
1
Let w(f) be the third derivative of f**5/60 + 2*f**4/3 + 7*f**3/3 - 1248*f**2. What is w(-14)?
-14
Let v(q) = -10*q. Let n = -36 - -41. Suppose d - 2*d - 8 = -n*t, d = -5*t + 2. Give v(t).
-10
Let d = -194 - -196. Let n(z) = 80 - 19*z + 21*z - 79 + 2*z**d. Give n(-1).
1
Suppose -5*p - 50 = 2*i - 9*p, -5*p - 32 = 2*i. Let x(a) = -17*a**2 - 356*a + 19. Calculate x(i).
-2
Let v(w) = 11*w - 5. Let d(z) = 5*z - 2. Let s(m) = -13*d(m) + 6*v(m). Let q = 29 - 25. Suppose -18 = -q*r + r. Determine s(r).
2
Let m(b) be the third derivative of -1/6*b**3 + 0*b - 14*b**2 + 0 + 1/15*b**5 - 1/120*b**6 + 1/24*b**4. Suppose 6*d - 3 = 21. Give m(d).
3
Let s = 568 - -129. Let y = 695 - s. Let c(n) = -2*n**3 - n**2 - 4*n - 3. Give c(y).